0896265 composite?
True
Is 5029395407 prime?
False
Is 6886098553 a composite number?
True
Is 1220903111 a prime number?
True
Is 49194167287 composite?
True
Is 5653823893 a prime number?
True
Is 373918117 prime?
False
Is 73433114659 prime?
True
Is 20069482777 a prime number?
True
Is 11673402539 prime?
True
Is 4944771393 a prime number?
False
Is 9057073031 a composite number?
True
Is 108395717 a composite number?
True
Is 36315293327 a prime number?
False
Is 27723521837 a composite number?
True
Is 438823303 a composite number?
True
Is 16975499 prime?
True
Is 1354313657 a composite number?
True
Is 788163709 a prime number?
False
Is 426262351 prime?
True
Is 853386883 a prime number?
False
Is 1938390917 a composite number?
False
Is 26298391957 composite?
True
Is 16159860793 composite?
True
Is 2346384653 a prime number?
False
Is 2413367129 prime?
False
Is 4245060077 a prime number?
True
Is 653523709 composite?
True
Is 12404911 prime?
False
Is 11654488113 prime?
False
Is 19916439133 a prime number?
True
Is 2357063173 prime?
True
Is 2658638159 a composite number?
False
Is 28033209739 a prime number?
True
Is 2336509007 prime?
False
Is 43751729513 prime?
False
Is 17883424883 a composite number?
True
Is 531624809 composite?
True
Is 1959499769 composite?
False
Is 1422847721 a composite number?
False
Is 6253713727 a composite number?
False
Is 6080260957 a composite number?
True
Is 3149587835 prime?
False
Is 7873564157 prime?
False
Is 51097302731 a prime number?
True
Is 716210953 a composite number?
False
Is 111427968959 composite?
False
Is 18319143019 a composite number?
False
Is 51421641053 composite?
False
Is 436154539 a prime number?
True
Is 3922438567 prime?
False
Is 5740869821 prime?
False
Is 20763399469 composite?
False
Is 1134864701 a composite number?
False
Is 2315203747 composite?
False
Is 224620481 a composite number?
False
Is 44426597 prime?
True
Is 6950114441 composite?
True
Is 51912183403 a prime number?
False
Is 646400861 a prime number?
True
Is 7602227531 composite?
False
Is 10499678623 composite?
True
Is 212323777 a composite number?
True
Is 142565537 prime?
False
Is 2440218895 a composite number?
True
Is 72747237907 prime?
True
Is 584815397 prime?
False
Is 2012772107 a prime number?
True
Is 11159853895 a composite number?
True
Is 2566578493 prime?
False
Is 1771347833 a composite number?
False
Is 628210867 a prime number?
True
Is 1484748043 a prime number?
False
Is 19408705861 composite?
False
Is 2661536923 a composite number?
False
Is 13753886447 a composite number?
True
Is 51439061789 a composite number?
False
Is 1223386069 composite?
True
Is 574322431 a composite number?
False
Is 2651799181 a composite number?
False
Is 1752910249 prime?
False
Is 14564296469 a composite number?
False
Is 54807357901 prime?
False
Is 14771896523 prime?
True
Is 488748233 a composite number?
True
Is 3668611673 a prime number?
True
Is 5039495449 prime?
False
Is 5860723111 composite?
True
Is 2616352737 a prime number?
False
Is 56915309489 prime?
True
Is 12172603301 composite?
False
Is 10535417551 a composite number?
False
Is 29419703 composite?
False
Is 840907835 a composite number?
True
Is 6757275433 a composite number?
False
Is 9196129897 prime?
False
Is 7889885821 a composite number?
False
Is 2252062331 composite?
False
Is 1911294673 composite?
False
Is 97580111 prime?
True
Is 7204821893 prime?
True
Is 48164929139 composite?
False
Is 9912996671 prime?
False
Is 3721503623 composite?
True
Is 9436228447 prime?
True
Is 930027389 prime?
True
Is 22662640057 a composite number?
True
Is 15675701 a composite number?
False
Is 144578561 a composite number?
False
Is 248032837 a composite number?
True
Is 1073887103 prime?
False
Is 2002854409 composite?
False
Is 57988523 composite?
False
Is 493964593 composite?
False
Is 40707285265 a composite number?
True
Is 1457214947 a composite number?
True
Is 1223498519 prime?
True
Is 4230375329 prime?
True
Is 83776300129 prime?
True
Is 5187625451 composite?
False
Is 116419577159 prime?
True
Is 229429157 a prime number?
False
Is 4647137389 a prime number?
False
Is 19229774309 a prime number?
True
Is 129663543469 a composite number?
False
Is 1916633099 a composite number?
False
Is 57824473199 a prime number?
True
Is 39703221151 prime?
False
Is 264226037 prime?
False
Is 103925741 prime?
True
Is 16671083111 a prime number?
False
Is 7126507 composite?
False
Is 2517174007 a prime number?
True
Is 4565361301 a prime number?
True
Is 93769509011 a prime number?
True
Is 66919823057 composite?
False
Is 4485790223 a prime number?
True
Is 42508747 composite?
False
Is 6229694299 a prime number?
True
Is 200459279 prime?
False
Is 642524063 a prime number?
True
Is 1518726269 composite?
True
Is 188647853 a composite number?
False
Is 75970402031 composite?
True
Is 142535977013 a composite number?
True
Is 5238226253 a composite number?
True
Is 1632598243 prime?
False
Is 2230592347 composite?
False
Is 3961566013 prime?
False
Is 6057380711 prime?
False
Is 24572571901 prime?
True
Is 791094529 a prime number?
True
Is 4569235631 composite?
True
Is 7863253561 composite?
True
Is 550766269 prime?
False
Is 135634573 a composite number?
False
Is 8561253677 composite?
False
Is 23570982373 a composite number?
False
Is 9687470407 a composite number?
False
Is 24269550967 prime?
True
Is 743624809 a prime number?
False
Is 572318999 a composite number?
True
Is 262195781 a prime number?
True
Is 1594159883 a prime number?
False
Is 2931273277 a composite number?
False
Is 1319398853 a prime number?
True
Is 9467804651 composite?
False
Is 15572495243 a composite number?
False
Is 61209729767 prime?
True
Is 3562410101 a prime number?
False
Is 58780529659 a composite number?
False
Is 142363984151 composite?
False
Is 41226567853 a composite number?
False
Is 10717245523 prime?
True
Is 709425635 a prime number?
False
Is 1064372677 a composite number?
False
Is 390819701 prime?
True
Is 3379201383 prime?
False
Is 4046498771 a prime number?
False
Is 31950610847 a composite number?
False
Is 2934423871 composite?
False
Is 2616448349 prime?
False
Is 28671889219 a prime number?
False
Is 555304367 prime?
True
Is 11189488403 composite?
True
Is 6360389353 prime?
True
Is 1229415307 composite?
False
Is 1812756371 prime?
True
Is 1841551291 prime?
True
Is 977949067 prime?
False
Is 756707879 composite?
False
Is 9170669471 a prime number?
False
Is 1407491849 composite?
True
Is 49708829 composite?
False
Is 31197877211 a composite number?
False
Is 16974218189 composite?
True
Is 1535354641 prime?
False
Is 2388567637 prime?
True
Is 3730616803 a composite number?
True
Is 711601907 composite?
False
Is 28126861333 prime?
True
Is 6123974167 composite?
True
Is 49712273833 prime?
False
Is 3084734789 prime?
True
Is 1203206171 prime?
True
Is 319213207 prime?
False
Is 81901139297 composite?
False
Is 44809893367 a prime number?
True
Is 685013621 composite?
True
Is 8480439451 a prime number?
False
Is 2764554313 a composite number?
False
Is 6014379821 composite?
True
Is 36623665387 composite?
False
Is 9425710219 a composite number?
True
Is 63768338822 a composite number?
True
Is 41301262399 a prime number?
True
Is 4875438499 composite?
False
Is 6223754197 composite?
False
Is 126877503287 a composite number?
False
Is 3299081809 a composite number?
True
Is 20097937 a composite number?
True
Is 15112702289 a prime number?
True
Is 2069167 a prime number?
False
Is 206788831 a prime number?
True
Is 1699424717 a composite number?
False
Is 48106556483 a prime number?
False
Is 2057819741 a composite number?
True
Is 105305742169 composite?
False
Is 8963444339 a prime number?
True
Is 12693263987 a prime number?
False
Is 1420744963 composite?
True
Is 2226498511 prime?
False
Is 124742089709 a composite number?
False
Is 1518900638 composite?
True
Is 18437622311 a prime number?
False
Is 2639986043 a prime number?
False
Is 87433867946 composite?
True
Is 3484636399 a prime number?
False
Is 56859684799 composite?
False
Is 567873721 a prime number?
False
Is 717710858 a composite number?
True
Is 318905453 prime?
True
Is 544753523 a composite number?
True
Is 91842554113 a prime number?
True
Is 36171414431 prime?
False
Is 1490626367 a prime number?
True
Is 20033912183 prime?
True
Is 55552586545 composite?
True
Is 267239674667 a compo